f) = -f**3 + 6*f**2 - 1. What are the prime factors of g(n)?
2, 3
Let c = -7 - -1. Suppose 4*j = 3*q + 12, 5 = -2*q - 5*j - 3. List the prime factors of q/c + 1339/39.
5, 7
Let m be 2/(-10) + (-21)/(-5). Suppose p + 10 = k, 5*p = k - m*k - 58. What are the prime factors of 291/33 - 2/p?
3
Suppose -56 = -30*c + 154. Let b(w) = w**3 + 6*w**2 + 4*w - 5. Let h be b(-5). Let u = c + h. List the prime factors of u.
7
Let s = -87 + 96. List the prime factors of s*(98/18 - 8/(-36)).
3, 17
Let y(g) = -g. Let n be y(-3). Let d = -8 + n. Let t = d - -13. List the prime factors of t.
2
Let a be 1370/30 + (-2)/3. Suppose 0 = 2*d + 5*n - a, 3*n - 69 + 14 = -4*d. List the prime factors of d.
2, 5
Let t = -43 - -1278. Suppose -8*h + t = 387. Suppose 4*y - h = -3*n + 37, -3*y - 12 = 0. List the prime factors of n.
53
Let a = 808 + 129. List the prime factors of a.
937
What are the prime factors of (11 - (-375)/(-35)) + 26778/14?
1913
Suppose -40*l + 85436 = 15036. List the prime factors of l.
2, 5, 11
Let w = 0 - -5. Suppose 14 = w*g - 2*b - 5, 9 = 5*g + 3*b. Suppose -t + 60 = g*t. What are the prime factors of t?
3, 5
Suppose 5*b = 6 + 9. Suppose -5 = -b*t + 2*t. List the prime factors of t.
5
Suppose 30*h = -3*i + 31*h + 2099, -5*i + 3480 = 2*h. What are the prime factors of i?
2, 349
List the prime factors of (-3)/(-8) - (-54588)/96 - -2.
571
Let u be 2*-2*(-16 + 15). Suppose 0 = -3*v + k + 28, -4*k + 12 = u*v + k. List the prime factors of v.
2
Suppose 0 = -b + 1 + 4. Suppose -3*c = -b*l + 118, -3*l - 4*c = -8*l + 114. Suppose 4*n = v - n - l, 5*v - n = 250. List the prime factors of v.
3, 17
Suppose 5*j - 553 = 412. What are the prime factors of j?
193
What are the prime factors of (-8 - -113) + (3 - 3) + -3?
2, 3, 17
Let i(y) = 22*y**2 + 4*y + 17. What are the prime factors of i(-5)?
547
List the prime factors of (-72)/(1640/(-270) + 6).
2, 3
Let z(l) = 20*l**2 + 5. Let a be z(-4). Suppose 2*y - 165 = a. What are the prime factors of y?
5, 7
Let q(j) = -34*j + 6. Suppose 4*o + 5 = -3. List the prime factors of q(o).
2, 37
Let u(t) = 3*t + 1. Suppose -13 = 3*b - 4*j, -4*b + 4*j - 5 - 7 = 0. Let d be u(b). Suppose -2*o - 88 = -d*o. What are the prime factors of o?
2, 11
Let q = -1123 - -3731. List the prime factors of q.
2, 163
List the prime factors of (1 - 3) + 15*9732/36.
3, 7, 193
Let a(g) be the first derivative of -3 + 5*g + 1/2*g**2. What are the prime factors of a(4)?
3
Suppose 0 = 64*f + 8830 - 236926. What are the prime factors of f?
2, 3, 11
Let y = 23 + 23. Suppose 0 = -2*m - 4*i - 36, 3*i + 0*i = 4*m + 83. Let k = y + m. List the prime factors of k.
2, 13
Suppose 0 = -6*j - j + 161. Let o = 42 + j. List the prime factors of o.
5, 13
Let s be (6/12)/((-1)/(-48)). Let l = s + -8. What are the prime factors of l?
2
Suppose -19*r + 4*o + 5046 = -14*r, 5*o = -3*r + 2998. List the prime factors of r.
2, 503
Suppose s - 5*b - 3653 = -3*s, -s = 5*b - 932. What are the prime factors of s?
7, 131
Suppose -3*s = -3*z + 3751 + 6554, -z = -4*s - 3441. What are the prime factors of z?
3433
Let d be 684/30*5/2. Let h = d - 14. List the prime factors of h.
43
Suppose -r + 4*r = 5*g - 937, -r = 5*g - 941. Suppose 5*x = x - g. Let p = 78 + x. What are the prime factors of p?
31
Let b be -4 + ((-2)/4)/((-5)/50). Let y(c) = 25*c**2 - 3*c - 2. Let d(g) = 24*g**2 - 2*g - 2. Let l(s) = 4*d(s) - 3*y(s). What are the prime factors of l(b)?
2, 5
List the prime factors of (1460 - -9) + (-12)/(-2 - 0).
5, 59
Let k(i) = 136*i - 1. Let m be k(1). Let u = m - 74. What are the prime factors of u?
61
List the prime factors of 6/(((-12)/(-30))/(594/10)).
3, 11
Let y = 7 + 6. Let p = 16 + -5. Let j = p + y. List the prime factors of j.
2, 3
Let s be (21/(-12))/((-1)/(-8)). Suppose -4*z = -5*k - 1 - 22, 4*k + 18 = 3*z. List the prime factors of -4*k/12 - s.
3, 5
Suppose 5*n + 45 - 215 = 0. Suppose -q - 1 + n = 0. Suppose -c = -13 - q. What are the prime factors of c?
2, 23
Let i = -146 - -21. What are the prime factors of (-2)/5 - 5/(i/1835)?
73
Suppose 3*w - 172 = -43. Let j = -26 + w. List the prime factors of j.
17
Let f(h) = 9*h**2 - 3. Let x be f(-2). Suppose -q - 4*q - 165 = -4*n, -q + 2*n = x. Let k = 46 + q. What are the prime factors of k?
13
Suppose 8*i = 13*i - 10. Let u be (-7)/((-35)/i)*5. Suppose 3*x + u*x = 140. List the prime factors of x.
2, 7
Let v(u) be the second derivative of -5*u**3/3 + 3*u**2 - u + 70. Let j(z) = -z**2 - 5*z - 3. Let s be j(-5). List the prime factors of v(s).
2, 3
List the prime factors of (1 - -558) + 42/(-42).
2, 3, 31
Let f(y) = -2*y**3 + 6*y**2 - 25*y - 47. What are the prime factors of f(-7)?
2, 277
Let k be (3 + (2 - 5))*1. Suppose 2*w = 2*y - k*w + 58, 3*y = -w - 67. What are the prime factors of 3*y*(-4)/8?
2, 3
Suppose -y + 5*y = 188. Let h = y - 19. What are the prime factors of h?
2, 7
Let n(u) = -651*u - 23. What are the prime factors of n(-3)?
2, 5, 193
Let i = 17 + 17. Suppose 4*a - 3*d = 287, -3*d + 155 + i = 3*a. What are the prime factors of a?
2, 17
Let b(n) = n**2 - 2*n + 20. Suppose -6*j + 3*j - 6 = -4*u, 0 = 4*u - 5*j - 10. List the prime factors of b(u).
2, 5
Let q = -6 - -8. Suppose -2*o - q*o - 12 = 2*m, -5 = -5*m - 3*o. Suppose m = -3*u - 3*b + 82, 0 = u + 2*b - 22. What are the prime factors of u?
2, 3, 5
Let o(b) = -281*b - 51. List the prime factors of o(-4).
29, 37
Suppose 14*v - 2*v = -48. Let o(n) = 7*n**2 - 4*n - 3. Let j(p) = 15*p**2 - 9*p - 6. Let h(m) = -6*j(m) + 13*o(m). What are the prime factors of h(v)?
5
Suppose -8 = -f - 4*o, 4*o - 2*o - 18 = -f. What are the prime factors of -3*2/((-8)/f)?
3, 7
Let y(d) = -10*d**2 + 4*d + 2. Let k(t) = -10*t**2 + 4*t + 3. Let g(n) = 4*k(n) - 5*y(n). What are the prime factors of g(2)?
2, 17
Suppose -2*h + 4*s + 1468 = 0, -3*s - 2951 = h - 5*h. What are the prime factors of h?
2, 5, 37
Suppose 3*v + k - 316 = 0, -v + 76 = k - 30. Suppose 5*x + 0*x = -5*f + v, -4*f = -3*x - 105. What are the prime factors of (-16)/f - (-62)/3?
2, 5
Suppose 3*v - 408 = v + 2*x, -9 = 3*x. List the prime factors of v.
3, 67
Let j(l) = -25*l - 39. What are the prime factors of j(-8)?
7, 23
Suppose 18*h - 33954 = 9588. What are the prime factors of h?
41, 59
Let f(d) = -d + 18. Let p be f(6). What are the prime factors of (p/(-9))/((-7)/357)?
2, 17
Let z(h) be the third derivative of 2/3*h**3 + 0*h - 7*h**2 + 1/24*h**4 + 0. What are the prime factors of z(3)?
7
Let f(l) = l**3 - 5*l**2 - 4*l + 10. Let p = -81 - -90. List the prime factors of f(p).
2, 149
Let v = -39 + 59. Let s = -15 + 6. Let b = v + s. What are the prime factors of b?
11
Suppose 5*a = 2*a + 3. Let z be 2*(21/6 - a). Let k(t) = t**3 - 5*t**2 + 3*t + 5. List the prime factors of k(z).
2, 5
Suppose 5 = b + 7. Let d be (-3)/b*44/6. Let l = d - -14. What are the prime factors of l?
5
Let i = -51 - -28. Suppose 4*r + r = 5. What are the prime factors of -1*(i + 4)*r?
19
Suppose 0*l - l = 0. Suppose -5*p + 10 = -c, 2*p + 5*c - 5 = -1. Suppose l*w - 58 = -p*w. What are the prime factors of w?
29
Let h = 1 + -3. Let c(p) = -25*p + 161 - 71 - 95. What are the prime factors of c(h)?
3, 5
What are the prime factors of (15/10)/(16/5792)?
3, 181
Let a = 1031 - -211. List the prime factors of a.
2, 3, 23
Suppose 563 = -2*b + 1475. Let s = b + -320. Suppose -4*k = 44 - s. What are the prime factors of k?
23
Let b = -21 - -22. Suppose -b = 3*g + 2*l + 2*l, 5*g + 3*l - 13 = 0. Suppose 0 = 4*z - g*d - 102 - 200, 4*z + 5*d - 282 = 0. What are the prime factors of z?
73
Let m be 0 - ((-18)/3 - -2). Let o(a) = -3*a + a**2 - 3*a - 8*a + m*a - 16. List the prime factors of o(14).
2, 5
List the prime factors of 81829/110 - 3/(-30).
2, 3, 31
Let x(j) = 109*j**2 - 9*j + 20. What are the prime factors of x(6)?
2, 5, 389
List the prime factors of (-1639 - -34)*(1 - 9/5).
2, 3, 107
Let z = -141 - -193. Let s be 1/(-1)*(-16 + 1). What are the prime factors of 6/s - z/(-20)?
3
Let f be (-30)/(-1)*6/12. Suppose -2*p + p = -f. Suppose 0 = 5*x - 2*x - p. List the prime factors of x.
5
Let q(f) = -f + 9 + 16 - 9. Let v be q(12). Suppose -h + 4*a = -71, -3*h + 47 = -2*h + v*a. List the prime factors of h.
59
Let u(j) = -j + 1. Let f(a) = 4*a + 8. Let g(v) = 2*f(v) - 12*u(v). List the prime factors of g(1).
2, 3
Let y(c) = -176*c - 75. List the prime f